s of b?
2, 5
Suppose -9*x + 1012 = -41. Let c = 198 - x. List the prime factors of c.
3
Suppose 0 = -6*s + 956 + 6856. List the prime factors of s.
2, 3, 7, 31
Suppose -2*c = -13*c + 9218. List the prime factors of c.
2, 419
Let y = -65 + 70. Suppose 3*k - y*k + 4*c = -228, 3*c = -5*k + 596. List the prime factors of k.
2, 59
Let b(r) = 4*r**2 - 25*r - 16. What are the prime factors of b(-10)?
2, 317
Let s(k) = -3*k + 27. Let u be s(6). Let b be (-9 + 1 + -1)*14. List the prime factors of b/4*(-6)/u.
3, 7
Let y(m) = -10 + 22*m**2 + 11*m - 10*m + 2*m. What are the prime factors of y(3)?
197
Suppose -3*p + 3*a + 447 = 0, 0 = 5*p + 3*a - 6*a - 747. List the prime factors of p.
2, 3, 5
What are the prime factors of 1 - (-2250)/(-27)*-3?
251
Suppose -610*s + 3375 = -605*s. What are the prime factors of s?
3, 5
Let y = -24 + 26. Suppose 4*u + 2*s = -0*s + 20, u - y*s + 5 = 0. Suppose -u*h = -h - 132. List the prime factors of h.
2, 3, 11
Let x(w) = w**3 + 6*w**2 + 10*w + 15. Let s be x(-6). Let u = 106 + s. What are the prime factors of u?
61
Let r be 134*(1 + (-2)/4). Suppose -r - 87 = -2*b. Let x = -18 + b. List the prime factors of x.
59
Let y(p) = -4*p - 3. Let m be y(-2). Suppose 0*n + n - 26 = 0. Let d = n - m. List the prime factors of d.
3, 7
Suppose 0 = 3*t - 2*s - 17, -5*t + 55 = -0*t + 2*s. Let q = 52 - t. What are the prime factors of q?
43
Let a(g) = 4*g**2 + 47*g - 70. What are the prime factors of a(-17)?
7, 41
Suppose -714 - 810 = -3*a. List the prime factors of a.
2, 127
Suppose -14876 + 5244 = -4*u. What are the prime factors of u?
2, 7, 43
Let a = -49 - -50. Let o(f) = 12*f + 4. List the prime factors of o(a).
2
Suppose -1712 = -3*s - 2*y, -2*s = 2*y - 723 - 415. List the prime factors of s.
2, 7, 41
Suppose n + 6982 = 3*c, -c - 42*n = -41*n - 2334. List the prime factors of c.
17, 137
Suppose 105*f - 109*f = -864. List the prime factors of f.
2, 3
Let z = 9 + -6. Suppose z = x, 4*x - 436 = 3*g + g. Let o = -71 - g. What are the prime factors of o?
5, 7
List the prime factors of 785*((-63)/15 + 6).
3, 157
Let b(q) = -98*q - 54. What are the prime factors of b(-8)?
2, 5, 73
Let o(l) = -139*l - 274. What are the prime factors of o(-9)?
977
Suppose 0 = 5*q + y + 9, 7 = 3*q - 2*q - 2*y. Let p(a) = -72*a - 1. What are the prime factors of p(q)?
71
Let b(m) = 5*m**2 - 8*m - 9. List the prime factors of b(4).
3, 13
Let t(u) = -u**2 + 6*u + 11. Let b be t(-11). Let x = b - -428. What are the prime factors of x?
2, 3, 7
What are the prime factors of (11/55 - (-108)/(-15)) + 2901?
2, 1447
Suppose 5*d = 14*d - 4788. List the prime factors of d.
2, 7, 19
Let q(h) be the second derivative of h**4/12 - 2*h**3/3 + h**2 + 4*h. Let d be q(4). Suppose o = -0*g - d*g + 32, g = 4*o - 2. What are the prime factors of g?
2, 7
Let f = 17 + 24. Suppose -125 + f = -3*y. What are the prime factors of y?
2, 7
Suppose 2*d - 5*w = -3*w + 744, 0 = 5*d - 3*w - 1860. What are the prime factors of d?
2, 3, 31
Let s be 9*2/6*(-1 + 30). Suppose -l + s = q - 0*l, -261 = -3*q - 4*l. What are the prime factors of q?
3, 29
Let j be 262 + 4 + (-8)/4. Suppose -2*s - j = s. List the prime factors of (s/10)/(6/(-15)).
2, 11
Let h be (39/65)/(1/5). Suppose -4 - 14 = -h*z. What are the prime factors of z/8 + 1730/40?
2, 11
Suppose -4*s + 6*s = -c - 13, 5*s - 5*c - 5 = 0. Let m(g) = -2*g - 1. Let k(d) = -d. Let j(w) = 4*k(w) - m(w). What are the prime factors of j(s)?
3
Suppose s = 336 - 92. Suppose s + 98 = 9*v. List the prime factors of v.
2, 19
Let s(f) = -569*f**2 + 3*f + 1. Let t be s(-1). Let o = -376 - t. List the prime factors of o.
3, 5, 13
Suppose q - 18 = -7. Suppose -q*k - 420 = -7*k. Let x = k + 154. What are the prime factors of x?
7
Suppose 3*c - 4*h - 4490 = 0, -3*h + 1336 + 6128 = 5*c. List the prime factors of c.
2, 3, 83
Suppose -4*c = -2*j + 188, 0 = -4*c + 3*j - 21 - 171. Let q be 72 + 9/3 + -1. Let h = c + q. What are the prime factors of h?
29
Let j = 296 - -21. Suppose 2*l + 0 + 2 = 0, -4*d + j = -l. What are the prime factors of d?
79
Suppose 2919 + 1891 = 13*x. List the prime factors of x.
2, 5, 37
Suppose 13*u - 10904 = 12470. What are the prime factors of u?
2, 29, 31
Let m(z) = -2*z**2 - 29*z + 35. Let w = 91 + -106. List the prime factors of m(w).
2, 5
Suppose 0 = 5*s - 4*t - 8245, -10*s + 8*s = 2*t - 3298. What are the prime factors of s?
17, 97
Suppose y - 10 = -y. Suppose y*x - 12 = 388. Let i = -53 + x. List the prime factors of i.
3
Let f be 3/2 + (-117)/(-6). Let n = -29 + f. What are the prime factors of (-2)/4*(n + 0)?
2
Let c(b) be the first derivative of -3 + 7/3*b**3 + 4*b + 1/4*b**4 - b**2. What are the prime factors of c(-7)?
2, 3
Let x be (-1)/(4 + -3)*3. Let c be (7/2 + x)*12. Let t = c + 24. List the prime factors of t.
2, 3, 5
Suppose -7*j - 5 - 51 = 0. Let f = 11 + j. What are the prime factors of f?
3
Suppose 4*s = 4*o - 8, s = -2*o + 4*s. Suppose a - o = -a. Suppose 0 = a*y + 9, 0*b + 4*y + 152 = 4*b. List the prime factors of b.
5, 7
What are the prime factors of (102/10)/(44/12100)?
3, 5, 11, 17
Suppose 7*n - 4 + 18 = 0. List the prime factors of 26 + 0/6 + n + 0.
2, 3
Let s = -7 - -9. Let t(n) = 14*n**2 - 5*n - 13*n**s + 3*n + 0*n. What are the prime factors of t(6)?
2, 3
Suppose -3*o = -8*o + 20. Suppose o*s + 15 = s - 3*d, s - d + 3 = 0. Let n(f) = 4*f**2 + 2*f - 1. What are the prime factors of n(s)?
5, 11
Let s(k) = 2*k**2 - 2*k + 3. Let o be s(-3). Let m = -9 + o. What are the prime factors of m?
2, 3
Suppose 0 = -2*a - 2*c + 6719 + 1721, -21065 = -5*a + 2*c. List the prime factors of a.
3, 5, 281
Suppose 0*c - 60 = -6*c. List the prime factors of c/25 - (-189)/15.
13
Let h = 633 + -130. What are the prime factors of h?
503
Suppose 2*l + 5*n - 15 = -l, -5*l = 3*n - 9. Suppose -3*k = 3*p - 114, -3*k + 2*k + 4*p + 38 = l. List the prime factors of k.
2, 19
Let s(t) = 4*t**2 - 7*t - 8. Let q be s(-8). Let n = q - 195. List the prime factors of n.
109
Let u be (-6*(1 - 0))/(63/(-42)). Suppose -4*i + i + 63 = -3*m, 0 = -5*m + 15. Suppose -u*p + 8*p + 4 = -4*q, 3*p = 4*q - i. List the prime factors of q.
3
Let o be 3/(-1) - (-7 + -1088). Suppose 0 = -u + 2*j + o, -j = u - 0*j - 1086. What are the prime factors of 6/(-27) + u/36?
2, 3, 5
Let m(u) = -9*u**2 - u - 7. Let v be m(3). Let n = 317 + v. What are the prime factors of n?
2, 113
Let n = 69 + 304. What are the prime factors of n?
373
Let r = 655 + -368. What are the prime factors of r?
7, 41
Let j = -3 - 2. Let y(b) = -13*b + 4. Let n be y(j). Let l = n - 30. List the prime factors of l.
3, 13
Suppose 3*u - 356 = 8*g - 6*g, g - 5 = 0. List the prime factors of u.
2, 61
Suppose 4*u - 4*w - 100 = -u, -2*u - 3*w = -40. Suppose 3*t - u = 2*t. Suppose -4*z + 16 = 4*q - 16, 3*q + 2*z - t = 0. List the prime factors of q.
2
Suppose -2*a = -5*o - 1318, 5*a = -3*o + 2*o + 3349. What are the prime factors of a?
3, 223
Suppose d - 3*r - 12 = -3*d, -4*r = -16. Suppose -3*n = x + 102, n + d + 28 = -2*x. List the prime factors of n/(-1) - (-6 - -8).
2
Let r be 0 + (2 - 8 - -1)*-6. Suppose -2*x + 158 = r. What are the prime factors of x?
2
Let v(h) = h**3 - 5*h - 1. Let p(k) = -k**2 - k. Let t(s) = -3*p(s) + v(s). Let a be t(-3). Suppose a*o = o + 72. What are the prime factors of o?
2, 3
Let r(c) = -c**2 - 4*c + 4. Let d be r(-5). Let u be 2 + (d + 1)/(-1). Suppose -u*m + 5 = -13. List the prime factors of m.
3
Let j(t) = -t**2 - 33*t - 75. List the prime factors of j(-28).
5, 13
Let c be 16/4 - (-1 + 2). Suppose 0 = -4*m - 5*b + 117, -2*m + c*b + 19 = -34. What are the prime factors of m?
2, 7
Let o be ((-4)/(-8))/((-2)/4). Let y be 1 + (0 - (o + -2)). Suppose -y*p + 18 = -14. List the prime factors of p.
2
Suppose m - 4*v - 89 - 395 = 0, -5*v + 1384 = 3*m. List the prime factors of m.
2, 3, 13
Suppose -176 = -12*n - 4*n. What are the prime factors of n?
11
Let f = 2466 + -2069. List the prime factors of f.
397
Suppose -12 = -2*c + 5*c. Let u be 10/4*(6 + c). Suppose u*n = 139 - 19. List the prime factors of n.
2, 3
Let j(y) = y**2 - 4*y - 3. Let b be j(-15). List the prime factors of (b/21)/(3/21).
2, 47
Let f = 3 - -256. List the prime factors of f.
7, 37
Let f(y) = y**2 + 18*y - 38. Let b be f(-20). Suppose -5*t = -5*v - 2*t + 1037, -417 = -b*v - t. What are the prime factor